{"id":693,"date":"2024-12-02T11:32:40","date_gmt":"2024-12-02T11:32:40","guid":{"rendered":"https:\/\/www.desarte.es\/tienda-pc\/?post_type=product&#038;p=693"},"modified":"2024-12-02T14:15:00","modified_gmt":"2024-12-02T14:15:00","slug":"hp-elitebook-645-g11-r7-7735u-pro","status":"publish","type":"product","link":"https:\/\/www.desarte.es\/tienda-pc\/pc\/hp-elitebook-645-g11-r7-7735u-pro\/","title":{"rendered":"ZBook Power G11 R7-8845HS"},"content":{"rendered":"<p>Explora la potencia y versatilidad de esta estaci\u00f3n de trabajo port\u00e1til, dise\u00f1ada con un procesador avanzado, gr\u00e1ficos de \u00faltima generaci\u00f3n y funciones que garantizan un rendimiento sobresaliente para las tareas m\u00e1s exigentes.<\/p>\n<div class=\"responsive-table\">\n<table>\n<thead>\n<tr>\n<th colspan=\"2\">Especificaciones del Producto<\/th>\n<\/tr>\n<\/thead>\n<tbody>\n<tr>\n<td><strong>Sistema operativo<\/strong><\/td>\n<td>Windows 11 Pro<\/td>\n<\/tr>\n<tr>\n<td><strong>Familia del procesador<\/strong><\/td>\n<td>Procesador AMD Ryzen\u2122 7<\/td>\n<\/tr>\n<tr>\n<td><strong>Procesador<\/strong><\/td>\n<td>AMD Ryzen\u2122 7 8845HS (hasta 5,1 GHz, 16 MB de cach\u00e9 L3, 8 n\u00facleos, 16 subprocesos)<\/td>\n<\/tr>\n<tr>\n<td><strong>Memoria est\u00e1ndar<\/strong><\/td>\n<td>16 GB RAM DDR5-5600 MHz (1 x 16 GB)<\/td>\n<\/tr>\n<tr>\n<td><strong>Velocidad de transferencia<\/strong><\/td>\n<td>Hasta 5600 MT\/s<\/td>\n<\/tr>\n<tr>\n<td><strong>Dise\u00f1o de memoria<\/strong><\/td>\n<td>1 x 16 GB<\/td>\n<\/tr>\n<tr>\n<td><strong>Ranuras de memoria<\/strong><\/td>\n<td>2 SODIMM (admite doble canal)<\/td>\n<\/tr>\n<tr>\n<td><strong>Pantalla t\u00e1ctil<\/strong><\/td>\n<td>No<\/td>\n<\/tr>\n<tr>\n<td><strong>Pantalla<\/strong><\/td>\n<td>WUXGA (1920 x 1200) de 16\u2033, IPS, antirreflectante, 300 nits, 45 % NTSC<\/td>\n<\/tr>\n<tr>\n<td><strong>Gr\u00e1ficos integrados<\/strong><\/td>\n<td>AMD Radeon\u2122 780M<\/td>\n<\/tr>\n<tr>\n<td><strong>Gr\u00e1ficos discretos<\/strong><\/td>\n<td>GPU NVIDIA RTX\u2122 A1000 (6 GB GDDR6 dedicados)<\/td>\n<\/tr>\n<tr>\n<td><strong>Puertos (lado izquierdo)<\/strong><\/td>\n<td>\n<ul>\n<li>1 USB Type-A (5 Gbps, carga)<\/li>\n<li>1 HDMI 2.1<\/li>\n<li>1 conector combinado de auriculares\/micr\u00f3fono<\/li>\n<li>1 conector de alimentaci\u00f3n<\/li>\n<li>2 Thunderbolt\u2122 4 con USB Type-C\u00ae (40 Gbps, suministro de energ\u00eda y DisplayPort\u2122 2.1)<\/li>\n<\/ul>\n<\/td>\n<\/tr>\n<tr>\n<td><strong>Puertos (lado derecho)<\/strong><\/td>\n<td>\n<ul>\n<li>1 USB Type-A (5 Gbps)<\/li>\n<li>1 RJ-45<\/li>\n<li>1 lector de tarjetas SD 4.0<\/li>\n<li>1 ranura de bloqueo de seguridad nano<\/li>\n<li>1 ranura para tarjeta SIM<\/li>\n<\/ul>\n<\/td>\n<\/tr>\n<tr>\n<td><strong>Inal\u00e1mbrico<\/strong><\/td>\n<td>Realtek Wi-Fi 6E RTL8852CE (2&#215;2) y Bluetooth\u00ae 5.3<\/td>\n<\/tr>\n<tr>\n<td><strong>C\u00e1mara<\/strong><\/td>\n<td>C\u00e1mara de infrarrojos de 5 MP<\/td>\n<\/tr>\n<tr>\n<td><strong>Sonido<\/strong><\/td>\n<td>\n<ul>\n<li>Audio de Poly Studio<\/li>\n<li>Altavoces est\u00e9reo duales<\/li>\n<li>Micr\u00f3fono digital frontal HP de matriz dual<\/li>\n<li>Teclas de funci\u00f3n para control de volumen<\/li>\n<li>Conector combinado de auriculares\/micr\u00f3fono<\/li>\n<li>Audio de alta definici\u00f3n<\/li>\n<\/ul>\n<\/td>\n<\/tr>\n<tr>\n<td><strong>Teclado<\/strong><\/td>\n<td>Teclado retroiluminado resistente a salpicaduras con teclado num\u00e9rico<\/td>\n<\/tr>\n<tr>\n<td><strong>Dispositivo se\u00f1alador<\/strong><\/td>\n<td>Panel t\u00e1ctil ClickPad con soporte multit\u00e1ctil<\/td>\n<\/tr>\n<tr>\n<td><strong>Peso<\/strong><\/td>\n<td>A partir de 2,04 kg<\/td>\n<\/tr>\n<tr>\n<td><strong>Dimensiones m\u00ednimas<\/strong><\/td>\n<td>35,94 x 25,1 x 2,29 cm<\/td>\n<\/tr>\n<tr>\n<td><strong>Dimensiones del embalaje<\/strong><\/td>\n<td>552 x 69 x 345 mm<\/td>\n<\/tr>\n<tr>\n<td><strong>Potencia<\/strong><\/td>\n<td>Adaptador Smart de 150 W AC<\/td>\n<\/tr>\n<tr>\n<td><strong>Tipo de bater\u00eda<\/strong><\/td>\n<td>6 celdas HP, pol\u00edmero de ion-litio 83 Wh<\/td>\n<\/tr>\n<tr>\n<td><strong>Garant\u00eda<\/strong><\/td>\n<td>1 a\u00f1o (piezas y mano de obra). Restricciones aplican seg\u00fan el pa\u00eds.<\/td>\n<\/tr>\n<tr>\n<td><strong>Servicio de asistencia<\/strong><\/td>\n<td>HP Premium 3 a\u00f1os in situ para estaci\u00f3n de trabajo port\u00e1til.<\/td>\n<\/tr>\n<tr>\n<td><strong>Lector de huellas digitales<\/strong><\/td>\n<td>Sensor de huellas dactilares<\/td>\n<\/tr>\n<tr>\n<td><strong>Licencias de software de seguridad<\/strong><\/td>\n<td>HP Wolf Pro Security Edition (1 a\u00f1o)<\/td>\n<\/tr>\n<\/tbody>\n<\/table>\n<\/div>\n","protected":false},"excerpt":{"rendered":"<ul style=\"list-style-position: inside;\">\n<li>Disco duro 512 GB<\/li>\n<li>Memoria RAM 16 GB<\/li>\n<li>Pantalla 14&#8243;<\/li>\n<li>Procesador AMD Ryzen R7-7735U PRO<\/li>\n<\/ul>\n","protected":false},"featured_media":694,"comment_status":"open","ping_status":"closed","template":"","meta":{"site-sidebar-layout":"default","site-content-layout":"","ast-site-content-layout":"default","site-content-style":"default","site-sidebar-style":"default","ast-global-header-display":"","ast-banner-title-visibility":"","ast-main-header-display":"","ast-hfb-above-header-display":"","ast-hfb-below-header-display":"","ast-hfb-mobile-header-display":"","site-post-title":"","ast-breadcrumbs-content":"","ast-featured-img":"","footer-sml-layout":"","ast-disable-related-posts":"","theme-transparent-header-meta":"default","adv-header-id-meta":"","stick-header-meta":"","header-above-stick-meta":"","header-main-stick-meta":"","header-below-stick-meta":"","astra-migrate-meta-layouts":"set","ast-page-background-enabled":"default","ast-page-background-meta":{"desktop":{"background-color":"var(--ast-global-color-4)","background-image":"","background-repeat":"repeat","background-position":"center center","background-size":"auto","background-attachment":"scroll","background-type":"","background-media":"","overlay-type":"","overlay-color":"","overlay-opacity":"","overlay-gradient":""},"tablet":{"background-color":"","background-image":"","background-repeat":"repeat","background-position":"center center","background-size":"auto","background-attachment":"scroll","background-type":"","background-media":"","overlay-type":"","overlay-color":"","overlay-opacity":"","overlay-gradient":""},"mobile":{"background-color":"","background-image":"","background-repeat":"repeat","background-position":"center center","background-size":"auto","background-attachment":"scroll","background-type":"","background-media":"","overlay-type":"","overlay-color":"","overlay-opacity":"","overlay-gradient":""}},"ast-content-background-meta":{"desktop":{"background-color":"var(--ast-global-color-5)","background-image":"","background-repeat":"repeat","background-position":"center center","background-size":"auto","background-attachment":"scroll","background-type":"","background-media":"","overlay-type":"","overlay-color":"","overlay-opacity":"","overlay-gradient":""},"tablet":{"background-color":"var(--ast-global-color-5)","background-image":"","background-repeat":"repeat","background-position":"center center","background-size":"auto","background-attachment":"scroll","background-type":"","background-media":"","overlay-type":"","overlay-color":"","overlay-opacity":"","overlay-gradient":""},"mobile":{"background-color":"var(--ast-global-color-5)","background-image":"","background-repeat":"repeat","background-position":"center center","background-size":"auto","background-attachment":"scroll","background-type":"","background-media":"","overlay-type":"","overlay-color":"","overlay-opacity":"","overlay-gradient":""}}},"product_brand":[],"product_cat":[19],"product_tag":[25],"class_list":{"0":"post-693","1":"product","2":"type-product","3":"status-publish","4":"has-post-thumbnail","6":"product_cat-portatil","7":"product_tag-pc-bono","8":"desktop-align-left","9":"tablet-align-left","10":"mobile-align-left","12":"first","13":"instock","14":"sale","15":"taxable","16":"shipping-taxable","17":"purchasable","18":"product-type-simple"},"yoast_head":"<!-- This site is optimized with the Yoast SEO plugin v26.6 - https:\/\/yoast.com\/wordpress\/plugins\/seo\/ -->\n<title>ZBook Power G11 R7-8845HS - Tienda PC<\/title>\n<meta name=\"description\" content=\"metadesripcion\" \/>\n<meta name=\"robots\" content=\"index, follow, max-snippet:-1, max-image-preview:large, max-video-preview:-1\" \/>\n<link rel=\"canonical\" href=\"https:\/\/www.desarte.es\/tienda-pc\/pc\/hp-elitebook-645-g11-r7-7735u-pro\/\" \/>\n<meta property=\"og:locale\" content=\"es_ES\" \/>\n<meta property=\"og:type\" content=\"article\" \/>\n<meta property=\"og:title\" content=\"ZBook Power G11 R7-8845HS - Tienda PC\" \/>\n<meta property=\"og:description\" content=\"metadesripcion\" \/>\n<meta property=\"og:url\" content=\"https:\/\/www.desarte.es\/tienda-pc\/pc\/hp-elitebook-645-g11-r7-7735u-pro\/\" \/>\n<meta property=\"og:site_name\" content=\"Tienda PC\" \/>\n<meta property=\"article:modified_time\" content=\"2024-12-02T14:15:00+00:00\" \/>\n<meta property=\"og:image\" content=\"https:\/\/www.desarte.es\/tienda-pc\/wp-content\/uploads\/2024\/12\/ZBook-Power-G11-R7_7.jpg\" \/>\n\t<meta property=\"og:image:width\" content=\"650\" \/>\n\t<meta property=\"og:image:height\" content=\"650\" \/>\n\t<meta property=\"og:image:type\" content=\"image\/jpeg\" \/>\n<meta name=\"twitter:card\" content=\"summary_large_image\" \/>\n<meta name=\"twitter:label1\" content=\"Tiempo de lectura\" \/>\n\t<meta name=\"twitter:data1\" content=\"2 minutos\" \/>\n<script type=\"application\/ld+json\" class=\"yoast-schema-graph\">{\"@context\":\"https:\/\/schema.org\",\"@graph\":[{\"@type\":\"WebPage\",\"@id\":\"https:\/\/www.desarte.es\/tienda-pc\/pc\/hp-elitebook-645-g11-r7-7735u-pro\/\",\"url\":\"https:\/\/www.desarte.es\/tienda-pc\/pc\/hp-elitebook-645-g11-r7-7735u-pro\/\",\"name\":\"ZBook Power G11 R7-8845HS - Tienda PC\",\"isPartOf\":{\"@id\":\"https:\/\/www.desarte.es\/tienda-pc\/#website\"},\"primaryImageOfPage\":{\"@id\":\"https:\/\/www.desarte.es\/tienda-pc\/pc\/hp-elitebook-645-g11-r7-7735u-pro\/#primaryimage\"},\"image\":{\"@id\":\"https:\/\/www.desarte.es\/tienda-pc\/pc\/hp-elitebook-645-g11-r7-7735u-pro\/#primaryimage\"},\"thumbnailUrl\":\"https:\/\/www.desarte.es\/tienda-pc\/wp-content\/uploads\/2024\/12\/ZBook-Power-G11-R7_7.jpg\",\"datePublished\":\"2024-12-02T11:32:40+00:00\",\"dateModified\":\"2024-12-02T14:15:00+00:00\",\"description\":\"metadesripcion\",\"breadcrumb\":{\"@id\":\"https:\/\/www.desarte.es\/tienda-pc\/pc\/hp-elitebook-645-g11-r7-7735u-pro\/#breadcrumb\"},\"inLanguage\":\"es\",\"potentialAction\":[{\"@type\":\"ReadAction\",\"target\":[\"https:\/\/www.desarte.es\/tienda-pc\/pc\/hp-elitebook-645-g11-r7-7735u-pro\/\"]}]},{\"@type\":\"ImageObject\",\"inLanguage\":\"es\",\"@id\":\"https:\/\/www.desarte.es\/tienda-pc\/pc\/hp-elitebook-645-g11-r7-7735u-pro\/#primaryimage\",\"url\":\"https:\/\/www.desarte.es\/tienda-pc\/wp-content\/uploads\/2024\/12\/ZBook-Power-G11-R7_7.jpg\",\"contentUrl\":\"https:\/\/www.desarte.es\/tienda-pc\/wp-content\/uploads\/2024\/12\/ZBook-Power-G11-R7_7.jpg\",\"width\":650,\"height\":650},{\"@type\":\"BreadcrumbList\",\"@id\":\"https:\/\/www.desarte.es\/tienda-pc\/pc\/hp-elitebook-645-g11-r7-7735u-pro\/#breadcrumb\",\"itemListElement\":[{\"@type\":\"ListItem\",\"position\":1,\"name\":\"Portada\",\"item\":\"https:\/\/www.desarte.es\/tienda-pc\/\"},{\"@type\":\"ListItem\",\"position\":2,\"name\":\"Tienda\",\"item\":\"https:\/\/www.desarte.es\/tienda-pc\/\"},{\"@type\":\"ListItem\",\"position\":3,\"name\":\"ZBook Power G11 R7-8845HS\"}]},{\"@type\":\"WebSite\",\"@id\":\"https:\/\/www.desarte.es\/tienda-pc\/#website\",\"url\":\"https:\/\/www.desarte.es\/tienda-pc\/\",\"name\":\"Tienda PC\",\"description\":\"\",\"publisher\":{\"@id\":\"https:\/\/www.desarte.es\/tienda-pc\/#organization\"},\"potentialAction\":[{\"@type\":\"SearchAction\",\"target\":{\"@type\":\"EntryPoint\",\"urlTemplate\":\"https:\/\/www.desarte.es\/tienda-pc\/?s={search_term_string}\"},\"query-input\":{\"@type\":\"PropertyValueSpecification\",\"valueRequired\":true,\"valueName\":\"search_term_string\"}}],\"inLanguage\":\"es\"},{\"@type\":\"Organization\",\"@id\":\"https:\/\/www.desarte.es\/tienda-pc\/#organization\",\"name\":\"Tienda PC\",\"url\":\"https:\/\/www.desarte.es\/tienda-pc\/\",\"logo\":{\"@type\":\"ImageObject\",\"inLanguage\":\"es\",\"@id\":\"https:\/\/www.desarte.es\/tienda-pc\/#\/schema\/logo\/image\/\",\"url\":\"https:\/\/www.desarte.es\/tienda-pc\/wp-content\/uploads\/2024\/12\/logo-Tienda-PC-01.png\",\"contentUrl\":\"https:\/\/www.desarte.es\/tienda-pc\/wp-content\/uploads\/2024\/12\/logo-Tienda-PC-01.png\",\"width\":377,\"height\":317,\"caption\":\"Tienda PC\"},\"image\":{\"@id\":\"https:\/\/www.desarte.es\/tienda-pc\/#\/schema\/logo\/image\/\"}}]}<\/script>\n<!-- \/ Yoast SEO plugin. -->","yoast_head_json":{"title":"ZBook Power G11 R7-8845HS - Tienda PC","description":"metadesripcion","robots":{"index":"index","follow":"follow","max-snippet":"max-snippet:-1","max-image-preview":"max-image-preview:large","max-video-preview":"max-video-preview:-1"},"canonical":"https:\/\/www.desarte.es\/tienda-pc\/pc\/hp-elitebook-645-g11-r7-7735u-pro\/","og_locale":"es_ES","og_type":"article","og_title":"ZBook Power G11 R7-8845HS - Tienda PC","og_description":"metadesripcion","og_url":"https:\/\/www.desarte.es\/tienda-pc\/pc\/hp-elitebook-645-g11-r7-7735u-pro\/","og_site_name":"Tienda PC","article_modified_time":"2024-12-02T14:15:00+00:00","og_image":[{"width":650,"height":650,"url":"https:\/\/www.desarte.es\/tienda-pc\/wp-content\/uploads\/2024\/12\/ZBook-Power-G11-R7_7.jpg","type":"image\/jpeg"}],"twitter_card":"summary_large_image","twitter_misc":{"Tiempo de lectura":"2 minutos"},"schema":{"@context":"https:\/\/schema.org","@graph":[{"@type":"WebPage","@id":"https:\/\/www.desarte.es\/tienda-pc\/pc\/hp-elitebook-645-g11-r7-7735u-pro\/","url":"https:\/\/www.desarte.es\/tienda-pc\/pc\/hp-elitebook-645-g11-r7-7735u-pro\/","name":"ZBook Power G11 R7-8845HS - Tienda PC","isPartOf":{"@id":"https:\/\/www.desarte.es\/tienda-pc\/#website"},"primaryImageOfPage":{"@id":"https:\/\/www.desarte.es\/tienda-pc\/pc\/hp-elitebook-645-g11-r7-7735u-pro\/#primaryimage"},"image":{"@id":"https:\/\/www.desarte.es\/tienda-pc\/pc\/hp-elitebook-645-g11-r7-7735u-pro\/#primaryimage"},"thumbnailUrl":"https:\/\/www.desarte.es\/tienda-pc\/wp-content\/uploads\/2024\/12\/ZBook-Power-G11-R7_7.jpg","datePublished":"2024-12-02T11:32:40+00:00","dateModified":"2024-12-02T14:15:00+00:00","description":"metadesripcion","breadcrumb":{"@id":"https:\/\/www.desarte.es\/tienda-pc\/pc\/hp-elitebook-645-g11-r7-7735u-pro\/#breadcrumb"},"inLanguage":"es","potentialAction":[{"@type":"ReadAction","target":["https:\/\/www.desarte.es\/tienda-pc\/pc\/hp-elitebook-645-g11-r7-7735u-pro\/"]}]},{"@type":"ImageObject","inLanguage":"es","@id":"https:\/\/www.desarte.es\/tienda-pc\/pc\/hp-elitebook-645-g11-r7-7735u-pro\/#primaryimage","url":"https:\/\/www.desarte.es\/tienda-pc\/wp-content\/uploads\/2024\/12\/ZBook-Power-G11-R7_7.jpg","contentUrl":"https:\/\/www.desarte.es\/tienda-pc\/wp-content\/uploads\/2024\/12\/ZBook-Power-G11-R7_7.jpg","width":650,"height":650},{"@type":"BreadcrumbList","@id":"https:\/\/www.desarte.es\/tienda-pc\/pc\/hp-elitebook-645-g11-r7-7735u-pro\/#breadcrumb","itemListElement":[{"@type":"ListItem","position":1,"name":"Portada","item":"https:\/\/www.desarte.es\/tienda-pc\/"},{"@type":"ListItem","position":2,"name":"Tienda","item":"https:\/\/www.desarte.es\/tienda-pc\/"},{"@type":"ListItem","position":3,"name":"ZBook Power G11 R7-8845HS"}]},{"@type":"WebSite","@id":"https:\/\/www.desarte.es\/tienda-pc\/#website","url":"https:\/\/www.desarte.es\/tienda-pc\/","name":"Tienda PC","description":"","publisher":{"@id":"https:\/\/www.desarte.es\/tienda-pc\/#organization"},"potentialAction":[{"@type":"SearchAction","target":{"@type":"EntryPoint","urlTemplate":"https:\/\/www.desarte.es\/tienda-pc\/?s={search_term_string}"},"query-input":{"@type":"PropertyValueSpecification","valueRequired":true,"valueName":"search_term_string"}}],"inLanguage":"es"},{"@type":"Organization","@id":"https:\/\/www.desarte.es\/tienda-pc\/#organization","name":"Tienda PC","url":"https:\/\/www.desarte.es\/tienda-pc\/","logo":{"@type":"ImageObject","inLanguage":"es","@id":"https:\/\/www.desarte.es\/tienda-pc\/#\/schema\/logo\/image\/","url":"https:\/\/www.desarte.es\/tienda-pc\/wp-content\/uploads\/2024\/12\/logo-Tienda-PC-01.png","contentUrl":"https:\/\/www.desarte.es\/tienda-pc\/wp-content\/uploads\/2024\/12\/logo-Tienda-PC-01.png","width":377,"height":317,"caption":"Tienda PC"},"image":{"@id":"https:\/\/www.desarte.es\/tienda-pc\/#\/schema\/logo\/image\/"}}]}},"_links":{"self":[{"href":"https:\/\/www.desarte.es\/tienda-pc\/wp-json\/wp\/v2\/product\/693","targetHints":{"allow":["GET"]}}],"collection":[{"href":"https:\/\/www.desarte.es\/tienda-pc\/wp-json\/wp\/v2\/product"}],"about":[{"href":"https:\/\/www.desarte.es\/tienda-pc\/wp-json\/wp\/v2\/types\/product"}],"replies":[{"embeddable":true,"href":"https:\/\/www.desarte.es\/tienda-pc\/wp-json\/wp\/v2\/comments?post=693"}],"wp:featuredmedia":[{"embeddable":true,"href":"https:\/\/www.desarte.es\/tienda-pc\/wp-json\/wp\/v2\/media\/694"}],"wp:attachment":[{"href":"https:\/\/www.desarte.es\/tienda-pc\/wp-json\/wp\/v2\/media?parent=693"}],"wp:term":[{"taxonomy":"product_brand","embeddable":true,"href":"https:\/\/www.desarte.es\/tienda-pc\/wp-json\/wp\/v2\/product_brand?post=693"},{"taxonomy":"product_cat","embeddable":true,"href":"https:\/\/www.desarte.es\/tienda-pc\/wp-json\/wp\/v2\/product_cat?post=693"},{"taxonomy":"product_tag","embeddable":true,"href":"https:\/\/www.desarte.es\/tienda-pc\/wp-json\/wp\/v2\/product_tag?post=693"}],"curies":[{"name":"wp","href":"https:\/\/api.w.org\/{rel}","templated":true}]}}